rs of f.
7, 13, 17
Let s(j) = 4*j**3 + 89*j**2 + 41*j - 32. What are the prime factors of s(-16)?
2, 3, 7, 17
Let a be (16/96)/((-2)/(-12)). What are the prime factors of a + ((-260)/(-2) - (-6 + 4))?
7, 19
Let a(b) = 3*b**2 - 6*b. Let x = -3 - 21. Let i = -19 - x. List the prime factors of a(i).
3, 5
Let s be 2 - (-20 + -3 + 0). Suppose -s + 1 = -3*t - 3*h, 50 = 4*t - 5*h. Suppose p - t = -4*p. What are the prime factors of p?
2
Suppose 4*z + z - 25 = 0. Suppose z*p + 0*p = -710. Let t = -89 - p. What are the prime factors of t?
53
Let u(q) = -2*q + q - 43 - 9*q - 4*q. What are the prime factors of u(-14)?
3, 17
Let m = 51 + 918. List the prime factors of m.
3, 17, 19
Suppose -4*i + 0*i = 4*m - 756, -747 = -4*m - i. List the prime factors of m.
2, 3, 31
Let t(p) = p**2 - 4*p - 1. Suppose -4*i = 6 - 30. List the prime factors of t(i).
11
Let o = -52 + 91. Let k = o - 29. Suppose x - k = 34. What are the prime factors of x?
2, 11
Suppose -4*u - 15*m + 11076 = -14*m, 3*u + 3*m = 8298. List the prime factors of u.
2, 5, 277
Let g(c) = -c + 7. Let q(r) = -1. Let v(x) = -2*g(x) - 18*q(x). Let f be v(6). Let z = f + -10. List the prime factors of z.
2, 3
What are the prime factors of (-5)/(11 - (-49743)/(-4518))?
2, 251
Suppose -4*y + 1054 = -f, 4*f = 3*y + 2*f - 793. What are the prime factors of y?
263
Let q = 7 + -7. Suppose q*r - 4*r = -32. List the prime factors of (4/6)/(r/48).
2
Suppose 24 = 3*j + 9. Suppose 1 = 6*s - 2*s + j*q, 4 = 4*q. Let f(u) = 14*u**2 + 3*u + 2. List the prime factors of f(s).
13
Suppose r + 4 = 2*k, -8*k + 10 = 5*r - 3*k. Suppose -3*l - 9 = r, -2*z = 3*l - 0*l - 29. List the prime factors of z.
19
Suppose 2*q = -2*d + 3717 + 3113, -q + 2*d = -3418. What are the prime factors of q?
2, 7, 61
Let l(v) = -70*v - 21. List the prime factors of l(-6).
3, 7, 19
What are the prime factors of (-1)/(1/24)*(-230)/15?
2, 23
Suppose 7 + 18 = -5*a - 3*r, -5*a + r = 5. Let c be a/(-6) - (-22)/6. Suppose c*d - 72 = -0. What are the prime factors of d?
2, 3
Let v(t) = -t**2 - 9*t - 19. Let z be v(-6). What are the prime factors of -1 + z - (-6 - -2 - 74)?
2, 19
What are the prime factors of 4*20255*(-1)/(-20)?
4051
Suppose 15*g - 2496 = 2*g. List the prime factors of g.
2, 3
Let p = -4 + 35. List the prime factors of p/3 - 14/(-21).
11
Let c = -618 + 919. List the prime factors of c.
7, 43
Suppose -7*d = -2*d. Suppose d*i = i + 3. List the prime factors of (5 + -13)*i/12.
2
Let d(z) = 284*z - 510. List the prime factors of d(8).
2, 881
Suppose 2*n - n - 14 = u, 4*u = -4*n - 72. List the prime factors of 54/(3*(-2)/u).
2, 3
Let f(b) = -4*b - 6. Suppose 15 = -5*k + 10*k. Let o be f(k). Let t = o + 29. List the prime factors of t.
11
Let l = 405 + 2625. What are the prime factors of l?
2, 3, 5, 101
Suppose -3*b + 7*b - 8 = 0. Suppose -2*c + 71 = -m, b*m + 31 = c - 0*c. What are the prime factors of c?
37
Let v(q) = 5 - 3*q - 4*q + 4*q. Let h be (6/3)/(8/(-28)). What are the prime factors of v(h)?
2, 13
Let c = -8 - -10. Suppose -c*j + 73 - 2 = b, 2*b + 10 = 0. Let l = -27 + j. What are the prime factors of l?
11
Suppose -11269 = 13*r - 64140. What are the prime factors of r?
7, 83
Let w be (-2)/(-4)*(3 - -3). Suppose -2 = -w*f + a + 3, 3*f + 15 = -3*a. Suppose 0 = -3*o - 12, -5*p - 2*o + 3*o + 189 = f. What are the prime factors of p?
37
Suppose -3*i = 13 + 329. Let u = -45 - i. List the prime factors of u.
3, 23
Suppose z + 0*z = 2*p, p + 14 = 4*z. Suppose -p*i = -2, 0 = g + 3*g - i - 139. What are the prime factors of g?
5, 7
Let d(h) = -h**2 + 5*h + 35. Let w be d(7). Let b(k) = -k**2 + 28*k + 29. What are the prime factors of b(w)?
2, 11
Let r be 3 + (5 - 1) + -8. Let g be (2 + 3)*(0 - r). Suppose 0 = g*n - 94 - 176. What are the prime factors of n?
2, 3
Suppose 0 = -4*m - 3*t - 439, 0*t - t = 2*m + 221. Let f = 52 - 100. Let z = f - m. What are the prime factors of z?
2
What are the prime factors of (-9)/24 + (-6054)/(-16)?
2, 3, 7
Let z(r) = -r**3 - r**2 + r + 22. Let s be (0/2)/(2 + -4). Suppose 2*g - 6*g = s. What are the prime factors of z(g)?
2, 11
Suppose c = 10 - 9. Let b(r) = 10*r**3 - r**2 - r + 1. List the prime factors of b(c).
3
Suppose -5*o - 3*p = -2*p - 14, o + p = 2. Suppose -o*j - u - 2*u + 111 = 0, 5*u = -2*j + 71. What are the prime factors of j?
2, 19
Suppose -1171 = -7*j + 481. Suppose 800 = 6*z + j. List the prime factors of z.
2, 47
Suppose 8060 = 5*q + 4*o, o + 1821 - 9866 = -5*q. What are the prime factors of q?
2, 3, 67
Let i = 134 + 526. What are the prime factors of i?
2, 3, 5, 11
Let j(l) = 1. Let t(v) = -3*v**2 + 6*v - 7. Let u(x) = -5*j(x) - t(x). Let d(w) be the first derivative of u(w). List the prime factors of d(4).
2, 3
Suppose -3*o + 0*o = -60. Let f = o - 16. List the prime factors of (28/f)/((-1)/(-6)).
2, 3, 7
Let p(l) = 26*l + 2. Suppose 4 = -3*n - 11. Let q(f) = 2*f + 11. Let a be q(n). What are the prime factors of p(a)?
2, 7
Let j(s) = s**3 - 5*s**2 - 4*s - 7. Let a be -9*3/(-9) + 3. Let i be j(a). Suppose -133 - 187 = -i*r. List the prime factors of r.
2
Suppose -2*m = j - 571 + 135, m - 4 = 0. What are the prime factors of j?
2, 107
Let h be -1*3 + -3 + 3. Let c be (-23)/((-4)/(-12)*h). Let x = c - 6. List the prime factors of x.
17
Let d be 4*3/((-3)/(-1)). List the prime factors of ((-6)/(-3))/(2/d).
2
Suppose -2*c = 2*c + 5*q, -4*c = q - 16. Suppose 3*z + z = -2*k + 136, 4*z - 124 = -c*k. List the prime factors of z.
2, 3
Suppose 2*w - 4200 = -22*w. List the prime factors of w.
5, 7
List the prime factors of (-12)/3*3 - -2920.
2, 727
Let n = 6 - 7. List the prime factors of (4/n + -2)*-12.
2, 3
Suppose 0*p = -3*q - p - 353, 2*q + 3*p = -233. Let b = -99 - q. What are the prime factors of b?
19
Let o = -5 + 6. Let k be -3 + 4 + (-24 - o). What are the prime factors of ((-10)/(-3))/((-16)/k)?
5
Suppose 4*z = 2*y - 3*y + 443, -3*y + 1362 = z. Suppose t - y = -6*t. List the prime factors of t.
5, 13
Suppose 2 = -4*d + 54. Suppose 0 = d*k - 11*k - 110. List the prime factors of k.
5, 11
Let n(w) = -82*w + 73. What are the prime factors of n(-7)?
647
Suppose 2*u = -2*u + 12. Suppose 2*k - 4*k + 104 = 0. Suppose -u*b + k = b. List the prime factors of b.
13
Let d = 15 - 13. List the prime factors of -3 + d + -2 + 54.
3, 17
Let x(k) = 2*k - 1. Let a be x(2). Suppose -4*s + 72 = t - a, 5*t - 485 = 2*s. Suppose 3*v + 0*l = -5*l + 97, 3*v + 4*l = t. What are the prime factors of v?
29
Let z = -8317 + 14311. What are the prime factors of z?
2, 3, 37
Let j = 273 - 194. Suppose 3*o = -2*p - 3*p + 449, j = p - 3*o. Suppose -76 - p = -4*y. What are the prime factors of y?
41
Let n(i) = -3*i**2 - 2 + 2*i**2 - 12*i - 2. Let p(k) = -4*k - 26. Let v be p(-5). List the prime factors of n(v).
2
Let o = -79 + 114. Suppose h + 11 = o. List the prime factors of h.
2, 3
Let p be (-3 - -6)*(-89)/(-3). Let u = p + -41. What are the prime factors of u?
2, 3
Suppose 4*l = -3*m + 39, -7 + 0 = -2*l + m. Let c(d) = -d**2 + 22*d + 65. Let a be c(22). Let b = a - l. List the prime factors of b.
59
Suppose -25 = -2*j - 3*t, -16 + 5 = -j - t. What are the prime factors of 575/j + 8/64?
2, 3
Let x = 981 + -628. What are the prime factors of x?
353
Suppose -4*t = -20, 0*k = -k + t + 3. Let x(j) = -13*j**2 - j**3 - 3 + 3*j**2 + 13*j**2 + 6*j**2 + j. What are the prime factors of x(k)?
3, 23
Let k = 124 + 372. Let s = 710 - k. What are the prime factors of s?
2, 107
Let t be 6/(-14) - (-119)/49. Let p = -6 + 10. Suppose -d - 3*c = -30, t*d - 19 - 31 = -p*c. List the prime factors of d.
3, 5
Suppose 5*z = i + 2076 + 2363, 4*z = 2*i + 3550. List the prime factors of z.
2, 3, 37
Let d be ((-3)/(-2))/((-8)/(-16)). List the prime factors of -2 + (d - 4)*-29.
3
Let z(f) = -f**3 - 11*f**2 - 9*f + 2. Suppose -k - 5 = 6. Let w be z(k). Let g = -62 + w. List the prime factors of g.
3, 13
Suppose 4*q - 3 = 3*r + q, -5*r + 4*q - 4 = 0. Suppose -3*f = -r*f - 771. List the prime factors of f.
257
Suppose -4*j + 69 = 5*s, 4*s + 5*j = 8*s - 47. List the prime factors of s.
13
Suppose 4*c - 4*o = 0, -3 = -2*c + 5*o - 0. Let p = c - -28. What are the prime factors of p?
3
Let c(z) = -z**3 - 6*z**2 + 18*z + 19. Let m be c(-8). Suppose 0 = -2*w + 6. Suppose -120 = -m*a + w. List the prime factors of a.
41
Suppose -294 = -r + 164. What are the